1
20012221222210 (base 3) to base 5
1321243014
Convert 103220114 (base 6) to base 8.
7005316
Convert -222044114 (base 6) to base 2.
-1111010101000101001110
Convert 933468 (base 12) to base 4.
20303113100
-304302411 (base 5) to base 2
-100101111101111001010
Convert -11f88e3 (base 16) to base 3.
-1022110100221022
-207505 (base 8) to base 13
-257bc
413090 (base 11) to base 4
2201312121
What is 404030 (base 7) in base 8?
206015
Convert -1221001012101 (base 3) to base 6.
-33542314
What is -23125306 (base 7) in base 4?
-13232001112
2544472 (base 10) to base 4
21231031120
12406406 (base 7) to base 13
306767
Convert 304401344 (base 6) to base 10.
5256928
Convert -477509 (base 10) to base 14.
-c603b
2400324012 (base 5) to base 3
101022101222121
Convert 37ab32 (base 12) to base 16.
de4d6
-1073825 (base 9) to base 2
-10001101101010000010
-1020220000002 (base 3) to base 15
-d2992
-5ab43 (base 13) to base 14
-44a65
-1032322121 (base 4) to base 6
-10532225
What is 443566 (base 12) in base 2?
100001000101101011110
Convert 1000111100011101000011 (base 2) to base 7.
25634032
Convert -245401125 (base 6) to base 12.
-17091a5
What is -59735 (base 11) in base 3?
-11101001202
What is -9d996 (base 14) in base 16?
-5d950
-3200024414 (base 5) to base 16
-655b34
Convert -319101 (base 10) to base 2.
-1001101111001111101
21da21 (base 14) to base 9
2144774
What is 2265654 (base 7) in base 9?
474403
Convert 8cc0 (base 14) to base 7.
131230
What is 11410120113 (base 5) in base 9?
27127587
Convert -411142 (base 8) to base 7.
-1103566
2b82300 (base 12) to base 14
1271a6c
What is -2fd46 (base 16) in base 15?
-3d0aa
Convert 23110166 (base 8) to base 3.
100102221000102
26876 (base 15) to base 6
2351203
What is 210222200122202 (base 3) in base 7?
201216602
What is -304161 (base 7) in base 4?
-30222231
Convert -1002210102 (base 3) to base 4.
-11103113
240cb (base 13) to base 14
1a11b
What is 5470645 (base 8) in base 16?
1671a5
Convert -4431344 (base 5) to base 16.
-12d2b
Convert 131499 (base 12) to base 16.
4c875
Convert 607584 (base 10) to base 13.
183723
What is -17a85a (base 13) in base 15?
-bb2b2
Convert 11350021 (base 6) to base 15.
7090d
Convert -63509 (base 13) to base 12.
-8758b
Convert 8bd76 (base 14) to base 4.
1103003010
1201411 (base 6) to base 9
104747
Convert -34260231 (base 7) to base 4.
-23121310311
What is 5326055 (base 9) in base 4?
22320100322
Convert -185339 (base 11) to base 16.
-45a37
-1002211101001 (base 3) to base 15
-b8e61
Convert -220112621 (base 7) to base 12.
-450510b
1a683 (base 15) to base 14
23400
Convert -88e2 (base 16) to base 13.
-12c47
Convert 2697451 (base 10) to base 11.
15826a9
Convert -1212222012220 (base 3) to base 10.
-1003263
-1b660 (base 12) to base 5
-2300210
Convert 242230 (base 7) to base 4.
22233313
-3285226 (base 9) to base 14
-340828
-10120120010 (base 3) to base 6
-1301520
-5423007 (base 8) to base 3
-2201202010021
4c3a4 (base 15) to base 14
64c05
What is -2ff87 (base 16) in base 7?
-1445564
3a12962 (base 11) to base 14
cca6b3
Convert -3745898 (base 10) to base 14.
-6d71a2
What is 10524505 (base 6) in base 15?
65822
-313248 (base 14) to base 3
-10010100212211
Convert 424623 (base 8) to base 14.
39907
Convert 54720 (base 12) to base 3.
12200010020
What is 4ab1a6 (base 14) in base 13?
6bac43
-301220332 (base 4) to base 8
-615076
Convert -b49142 (base 14) to base 15.
-805c6d
1111101101111100 (base 2) to base 7
355461
-12854210 (base 9) to base 15
-857a90
Convert -722c6 (base 13) to base 2.
-110010000000010101
What is -100032301 (base 4) in base 7?
-364552
-2ba2869 (base 12) to base 11
-5043674
What is -1001101001100001100 (base 2) in base 12?
-132b78
What is 135134 (base 9) in base 3?
11012011011
Convert -375440 (base 9) to base 11.
-145676
What is 570223 (base 15) in base 12?
1482759
3d6ab (base 15) to base 6
4121125
-5c36aa (base 14) to base 13
-868237
What is -34531 (base 14) in base 9?
-213485
-21b61f (base 16) to base 10
-2209311
What is 34055205 (base 6) in base 7?
11534531
Convert -63c08a (base 13) to base 15.
-313499
1001000100111100011 (base 2) to base 7
2346116
200130322 (base 4) to base 7
1062346
-1928c (base 16) to base 5
-11244202
Convert 102122010020201 (base 3) to base 14.
b6d30a
What is -124d03 (base 15) in base 7?
-10312002
-1114332432 (base 6) to base 9
-25043132
Convert -60041 (base 8) to base 3.
-1020202110
31635702 (base 8) to base 11
3901030
What is 998676 (base 11) in base 6?
54045313
What is -221000020022 (base 3) in base 9?
-830208
202101030121 (base 4) to base 3
121220101210121
-35ba4 (base 13) to base 5
-11124121
What is 42447e (base 15) in base 5?
1301401034
1a90c95 (base 14) to base 16
ca4543
What is 105435 (base 6) in base 13?
4151
What is 120aa4 (base 12) in base 14?
7851a
Convert -13188460 (base 9) to base 3.
-110012222112000
Convert 445530500 (base 6) to base 12.
2873a30
12241324 (base 6) to base 13
10a638
13722540 (base 8) to base 16
2fa560
Convert -52a5c (base 14) to base 15.
-3e225
-101200310 (base 5) to base 6
-12502032
What is -11f19 (base 16) in base 3?
-10201211010
-bb578 (base 12) to base 14
-664c4
What is -4557a (base 16) in base 13?
-9c382
1836260 (base 10) to base 6
103205112
-134671 (base 11) to base 3
-101201120121
What is -1a75893 (base 11) in base 6?
-202503551
Convert 110421404 (base 5) to base 2.
1110101110110101001
-34244431 (base 5) to base 15
-60b11
What is -142263614 (base 7) in base 9?
-18521035
What is 9f633 (base 16) in base 11?
406551
Convert 945775 (base 12) to base 14.
449cb7
93b1b1 (base 16) to base 10
9679281
What is -8626808 (base 9) in base 13?
-c5b8a4
Convert 6a2cc (base 15) to base 9.
564753
Convert 1001010101000000010110 (base 2) to base 13.
678058
1a8d1a (base 15) to base 9
2384167
-b4b51 (base 12) to base 4
-321301231
-8c6500 (base 15) to base 9
-13546880
-1a6285 (base 13) to base 6
-22212152
Convert -12280877 (base 9) to base 5.
-3020022110
Convert -2bcb9 (base 16) to base 15.
-38240
7ab1d0 (base 15) to base 10
5859420
-1102304002 (base 5) to base 12
-970179
Convert 536515 (base 7) to base 11.
64319
15412050 (base 9) to base 11
437947a
-1110001011010010011100 (base 2) to base 12
-12b2738
-211222121210 (base 3) to base 7
-3563022
10111110000010111010000 (base 2) to base 15
830258
What is -487608 (base 14) in base 3?
-11122221120102
What is 16cc9 (base 14) in base 5?
3314114
What is -404323202 (base 5) in base 14?
-30832c
What is -154544350 (base 6) in base 3?
-20020012211010
aa5605 (base 12) to base 9
5072735
Convert 2010022121120 (base 3) to base 9.
2108546
What is -3813 (base 15) in base 5?
-340233
10110000001001010 (base 2) to base 11
61838
What is 21014554 (base 7) in base 9?
3285284
-410032002 (base 5) to base 7
-16651236
-1220203222 (base 4) to base 10
-428266
-11bb6b (base 15) to base 8
-3173445
What is -13621 (base 10) in base 16?
-3535
-a8b42 (base 14) to base 11
-259866
-321677 (base 8) to base 11
-73807
What is 40551240 (base 6) in base 5?
244243131
458708 (base 9) to base 16
433d0
Convert -104958 (base 12) to base 8.
-766124
-34320054 (base 7) to base 12
-10060b3
Convert -33dc8d (base 14) to base 8.
-6572725
What is 5094521 (base 10) in base 8?
23336171
-bce43 (base 15) to base 16
-92a0c
Convert -1423153 (base 8) to base 9.
-673784
451420441 (base 6) to base 7
126454546
1263265 (base 12) to base 2
1101110010001110101101
-900c (base 16) to base 14
-d620
Convert -11132002 (base 4) to base 13.
-a273
What is -16c866 (base 14) in base 4?
-3010001122
Convert -20d6d4 (base 15) to base 9.
-2843571
What is -105631 (base 13) in base 14?
-9d9ac
202222202220 (base 3) to base 9
688686
Convert 129001 (base 14) to base 4.
2130011321
What is 6792399 (base 10) in base 12?
2336953
16a5a8a (base 12) to base 9
8747367
-18b8 (base 12) to base 10
-3020
-13212101231 (base 4) to base 8
-7462155
Convert 20c7c (base 16) to base 13.
49164
Convert 82d1a (base 14) to base 6.
10432044
11064090 (base 10) to base 7
163020552
-1559b (base 16) to base 5
-10244301
10220111010 (base 3) to base 5
4430044
What is -132231000 (base 4) in base 9?
-211453
What is 16024141 (base 8) in base 7?
43165615
What is 2002231 (base 4) in base 2?
10000010101101
Convert -1017ff (base 16) to base 6.
-34334543
3480d (base 14) to base 10
127805
Convert -13754366 (base 8) to base 4.
-23331203312
Convert -27